se 10) to base 13
a3
Convert 302 (base 4) to base 6.
122
Convert -1 (base 11) to base 15.
-1
Convert -100 (base 5) to base 11.
-23
2112 (base 3) to base 10
68
-4 (base 10) to base 9
-4
Convert 25 (base 14) to base 7.
45
What is 6 (base 8) in base 16?
6
-2 (base 13) to base 2
-10
10 (base 5) to base 8
5
7 (base 8) to base 11
7
Convert 3 (base 4) to base 13.
3
What is -12 (base 12) in base 16?
-e
Convert -1 (base 11) to base 8.
-1
Convert -1 (base 7) to base 8.
-1
What is 10002 (base 3) in base 6?
215
What is -33 (base 9) in base 13?
-24
What is 3 (base 13) in base 4?
3
Convert -30 (base 11) to base 9.
-36
What is 7 (base 8) in base 11?
7
Convert -1 (base 16) to base 9.
-1
What is -25 (base 14) in base 5?
-113
-2 (base 12) to base 9
-2
12 (base 6) to base 5
13
6 (base 16) to base 14
6
Convert 3 (base 11) to base 2.
11
What is -14 (base 14) in base 4?
-102
Convert 4 (base 8) to base 2.
100
What is -16 (base 10) in base 7?
-22
b0 (base 16) to base 2
10110000
Convert 4 (base 12) to base 13.
4
Convert 25 (base 7) to base 16.
13
What is 41 (base 8) in base 15?
23
1 (base 4) to base 8
1
What is 120 (base 9) in base 13?
78
105 (base 9) to base 11
79
What is 15 (base 10) in base 7?
21
8 (base 10) to base 6
12
What is 1010111 (base 2) in base 11?
7a
Convert -10100101 (base 2) to base 16.
-a5
-30 (base 4) to base 2
-1100
What is -a (base 13) in base 2?
-1010
What is 2 (base 14) in base 8?
2
2 (base 11) to base 7
2
Convert -12 (base 11) to base 5.
-23
-52 (base 8) to base 16
-2a
Convert 91 (base 12) to base 11.
9a
What is 10c (base 15) in base 9?
283
What is 100000 (base 2) in base 15?
22
Convert 5 (base 7) to base 5.
10
73 (base 9) to base 15
46
Convert -134 (base 5) to base 13.
-35
What is 20 (base 5) in base 7?
13
Convert 4 (base 6) to base 16.
4
34 (base 6) to base 3
211
d (base 16) to base 12
11
-10 (base 4) to base 15
-4
Convert 23 (base 7) to base 9.
18
Convert -10 (base 4) to base 7.
-4
-110 (base 2) to base 16
-6
What is 64 (base 9) in base 2?
111010
-10 (base 3) to base 7
-3
-124 (base 5) to base 7
-54
13 (base 16) to base 15
14
65 (base 9) to base 5
214
150 (base 6) to base 14
4a
What is 13 (base 4) in base 5?
12
What is -60 (base 12) in base 11?
-66
Convert 10 (base 4) to base 11.
4
What is -14 (base 11) in base 10?
-15
Convert 2 (base 15) to base 6.
2
Convert -15 (base 16) to base 8.
-25
What is -99 (base 16) in base 5?
-1103
-16 (base 9) to base 3
-120
What is -12 (base 14) in base 16?
-10
Convert -4 (base 6) to base 4.
-10
What is 0 (base 9) in base 13?
0
What is af (base 16) in base 10?
175
What is 0 (base 15) in base 8?
0
Convert 100 (base 8) to base 10.
64
What is 2 (base 3) in base 8?
2
Convert -2 (base 13) to base 14.
-2
What is 2 (base 10) in base 8?
2
1 (base 4) to base 16
1
Convert -1 (base 7) to base 16.
-1
-14 (base 10) to base 5
-24
Convert 5 (base 9) to base 4.
11
-2 (base 6) to base 5
-2
Convert 11 (base 13) to base 16.
e
210 (base 5) to base 14
3d
11 (base 3) to base 14
4
-1 (base 8) to base 13
-1
What is 2 (base 13) in base 2?
10
What is -11b (base 12) in base 11?
-142
2a (base 13) to base 10
36
Convert 3 (base 12) to base 3.
10
What is -10110001 (base 2) in base 3?
-20120
Convert -8 (base 9) to base 15.
-8
What is -114 (base 13) in base 8?
-272
2 (base 15) to base 14
2
What is -3 (base 8) in base 2?
-11
What is -67 (base 15) in base 12?
-81
Convert 22 (base 10) to base 16.
16
-6 (base 14) to base 9
-6
What is -2311 (base 4) in base 6?
-501
What is 1103 (base 6) in base 7?
513
Convert 1 (base 4) to base 14.
1
What is a (base 13) in base 4?
22
Convert -4 (base 7) to base 10.
-4
-3 (base 5) to base 6
-3
-2 (base 5) to base 4
-2
-56 (base 8) to base 9
-51
What is 2 (base 15) in base 7?
2
6f (base 16) to base 14
7d
What is 2 (base 3) in base 7?
2
What is -4 (base 13) in base 11?
-4
Convert -17 (base 16) to base 9.
-25
Convert -299 (base 10) to base 12.
-20b
-133 (base 4) to base 5
-111
Convert -5 (base 12) to base 9.
-5
20 (base 9) to base 16
12
Convert 39 (base 10) to base 16.
27
1344 (base 6) to base 9
431
What is -116 (base 14) in base 13?
-138
What is 11012 (base 3) in base 5?
423
Convert 6 (base 12) to base 15.
6
What is 241 (base 5) in base 11?
65
Convert 65 (base 7) to base 5.
142
Convert 20 (base 3) to base 11.
6
2 (base 16) to base 15
2
22110 (base 3) to base 10
228
Convert -401 (base 5) to base 13.
-7a
What is 1 (base 14) in base 4?
1
What is 222 (base 3) in base 5?
101
Convert -22 (base 10) to base 12.
-1a
Convert -12 (base 12) to base 13.
-11
What is -2 (base 6) in base 12?
-2
18 (base 15) to base 2
10111
Convert -1 (base 4) to base 2.
-1
Convert 5 (base 6) to base 12.
5
Convert 26 (base 11) to base 8.
34
Convert 12 (base 4) to base 9.
6
-48 (base 15) to base 8
-104
Convert -112 (base 4) to base 6.
-34
-3 (base 11) to base 10
-3
3 (base 12) to base 13
3
Convert 11 (base 5) to base 15.
6
-54 (base 9) to base 5
-144
What is -f (base 16) in base 13?
-12
Convert -4 (base 10) to base 13.
-4
What is 2 (base 12) in base 3?
2
-20 (base 6) to base 4
-30
What is 60 (base 12) in base 14?
52
What is 10220 (base 3) in base 5?
410
Convert 3 (base 16) to base 15.
3
What is -201 (base 5) in base 10?
-51
-14 (base 8) to base 14
-c
What is 30 (base 10) in base 16?
1e
-31 (base 4) to base 13
-10
What is 101 (base 2) in base 9?
5
What is -1 (base 12) in base 14?
-1
Convert -b (base 14) to base 2.
-1011
39 (base 11) to base 7
60
Convert -13 (base 6) to base 10.
-9
Convert -4 (base 7) to base 13.
-4
10 (base 3) to base 12
3
-32 (base 16) to base 14
-38
3 (base 10) to base 4
3
Convert 164 (base 7) to base 11.
87
Convert -21 (base 9) to base 10.
-19
-262 (base 8) to base 9
-217
Convert -a (base 11) to base 3.
-101
What is 4 (base 13) in base 10?
4
-7 (base 11) to base 15
-7
What is 133 (base 9) in base 5?
421
Convert 13 (base 4) to base 3.
21
Convert 0 (base 10) to base 2.
0
Convert -64 (base 14) to base 5.
-323
0 (base 14) to base 9
0
-d (base 14) to base 3
-111
What is 7b (base 15) in base 7?
224
Convert 9 (base 10) to base 6.
13
18 (base 12) to base 5
40
Convert 4 (base 15) to base 2.
100
3 (base 4) to base 11
3
What is -105 (base 7) in base 6?
-130
Convert 213 (base 5) to base 6.
134
1a (base 14) to base 13
1b
What is -4 (base 11) in base 6?
-4
Convert -34 (base 9) to base 10.
-31
What is 125 (base 7) in base 3?
2112
0 (base 12) to base 3
0
-11 (base 10) to base 16
-b
What is -7 (base 15) in base 6?
-11
Convert 12 (base 3) to base 11.
5
What is 4 (base 13) in base 3?
11
Convert -1 (base 3) to base 15.
-1
52 (base 8) to base 16
2a
Convert 43 (base 13) to base 16.
37
Convert 4 (base 15) to base 13.
4
Convert 5 (base 8) to base 14.
5
-332 (base 4) to base 9
-68
What is -4b (base 13) in base 11?
-58
0 (base 3) to base 12
0
1 (base 11) to base 3
1
Convert 14 (base 14) to base 13.
15
-21 (base 3) to base 11
-7
What is 6 (base 15) in base 16?
6
What is -25 (base 6) in base 2?
-10001
What is -2311 (base 4) in base 13?
-10c
42 (base 9) to base 14
2a
-2021 (base 3) to base 15
-41
Convert -12 (base 15) to base 16.
-11
Convert -78 (base 10) to base 11.
-71
6 (base 16) to base 12
6
What is -5 (base 9) in base 13?
-5
What is 19 (base 16) in base 10?
25
What is -46 (base 13) in base 12?
-4a
What is -102 (base 7) in base 2?
-110011
1 (base 2) to base 15
1
What is 0 (base 16) in base 15?
0
What is -4 (base 16) in base 9?
-4
What is -32 (base 5) in base 9?
-18
Convert -54 (base 11) to base 10.
-59
Convert 4 (base 13) to base 3.
11
What is 3 (base 16) in base 2?
11
What is 60 (base 11) in base 9?
73
What is -2320 (base 5) in base 11?
-285
Convert -31 (base 5) to base 3.
-121
What is 14 (base 6) in base 16?
a
Convert -31 (base 12) to base 2.
-100101
What is -3 (base 7) in base 5?
-3
What is -4a (base 14) in base 2?
-1000010
Convert 1 (base 14) to base 6.
1
Convert 50 (base 10) to base 12.
42
Convert 15 (base 6) to base 4.
23
3 (base 7) to base 4
3
What is -3b (base 12) in base 4?
-233
-2 (base 5) to base 10
-2
-d (base 16) to base 11
-12
What is -15 (base 11) in base 6?
-24
What is -1012 (base 3) in base 4?
-200
-3 (base 4) to base 16
-3
3 (base 14) to base 16
3
1002 (base 3) to base 4
131
What is 1011000 (base 2) in base 16?
58
Convert -21 (base 14) to base 6.
-45
-1 (base 4) to base 13
-1
Convert -103 (base 5) to base 7.
-40
Convert 64 (base 9) to bas